se 13) in base 3?
-1
What is -156 (base 7) in base 15?
-60
Convert -14 (base 9) to base 8.
-15
4 (base 8) to base 13
4
What is -16 (base 13) in base 10?
-19
Convert 11 (base 7) to base 6.
12
What is 39 (base 10) in base 6?
103
-4 (base 12) to base 10
-4
a (base 16) to base 9
11
-112 (base 5) to base 10
-32
21 (base 3) to base 15
7
Convert -141 (base 5) to base 12.
-3a
Convert -42 (base 8) to base 4.
-202
Convert 23 (base 8) to base 3.
201
-13 (base 9) to base 6
-20
What is -110 (base 2) in base 8?
-6
2 (base 7) to base 4
2
Convert 26 (base 10) to base 12.
22
-6 (base 14) to base 3
-20
Convert 0 (base 16) to base 7.
0
What is 242 (base 5) in base 7?
132
-a0 (base 14) to base 7
-260
-2 (base 8) to base 7
-2
10 (base 7) to base 13
7
Convert 5 (base 8) to base 7.
5
Convert 1110 (base 2) to base 12.
12
Convert 1 (base 2) to base 15.
1
What is 8 (base 10) in base 8?
10
Convert 254 (base 6) to base 2.
1101010
What is 0 (base 10) in base 16?
0
Convert 0 (base 14) to base 9.
0
8 (base 13) to base 10
8
Convert -4 (base 6) to base 4.
-10
-26 (base 15) to base 16
-24
-11 (base 3) to base 7
-4
5 (base 14) to base 6
5
Convert 12 (base 10) to base 11.
11
-15b (base 16) to base 4
-11123
Convert -2 (base 11) to base 12.
-2
What is 110 (base 3) in base 11?
11
100122 (base 3) to base 16
104
What is -6d (base 15) in base 12?
-87
What is -1 (base 8) in base 2?
-1
-8e (base 16) to base 4
-2032
Convert 9 (base 13) to base 5.
14
What is 25 (base 11) in base 10?
27
-2 (base 10) to base 8
-2
What is 5 (base 8) in base 7?
5
16 (base 13) to base 12
17
What is -4 (base 15) in base 8?
-4
-1 (base 5) to base 15
-1
What is 3 (base 4) in base 7?
3
What is 2 (base 5) in base 2?
10
Convert 1202 (base 3) to base 7.
65
330 (base 6) to base 12
a6
-123 (base 13) to base 7
-402
What is -2 (base 16) in base 3?
-2
Convert -10 (base 2) to base 8.
-2
Convert 154 (base 12) to base 10.
208
What is -1 (base 3) in base 10?
-1
Convert -7 (base 9) to base 16.
-7
Convert 21 (base 6) to base 2.
1101
-1 (base 6) to base 13
-1
Convert -9b (base 16) to base 6.
-415
-2 (base 15) to base 5
-2
Convert -202 (base 3) to base 11.
-19
c (base 16) to base 2
1100
-1 (base 16) to base 11
-1
-202 (base 3) to base 5
-40
124 (base 11) to base 8
223
111 (base 4) to base 15
16
11 (base 8) to base 3
100
Convert -8 (base 11) to base 5.
-13
Convert -aa (base 16) to base 4.
-2222
What is 0 (base 11) in base 10?
0
Convert 55 (base 11) to base 9.
66
What is 0 (base 9) in base 16?
0
-43 (base 7) to base 4
-133
1101 (base 2) to base 12
11
What is -111 (base 3) in base 5?
-23
What is 6 (base 16) in base 7?
6
Convert -116 (base 13) to base 6.
-512
Convert 8 (base 14) to base 5.
13
Convert 111 (base 2) to base 8.
7
What is 333 (base 5) in base 4?
1131
-3b (base 13) to base 16
-32
-10 (base 10) to base 12
-a
Convert -b (base 14) to base 15.
-b
Convert -1 (base 6) to base 4.
-1
60 (base 12) to base 10
72
211 (base 4) to base 7
52
What is -6b (base 12) in base 5?
-313
130 (base 6) to base 9
60
-32 (base 11) to base 2
-100011
111 (base 2) to base 14
7
What is -14 (base 6) in base 12?
-a
26 (base 16) to base 7
53
6 (base 15) to base 14
6
Convert -3 (base 11) to base 3.
-10
10 (base 8) to base 11
8
-35 (base 8) to base 16
-1d
What is -1 (base 3) in base 6?
-1
What is 117 (base 11) in base 9?
164
What is 1 (base 7) in base 11?
1
25 (base 10) to base 2
11001
Convert 2 (base 12) to base 7.
2
0 (base 10) to base 9
0
Convert -3 (base 9) to base 10.
-3
What is 1 (base 11) in base 6?
1
What is -200 (base 13) in base 15?
-178
Convert -10 (base 6) to base 11.
-6
What is -7 (base 9) in base 6?
-11
-110 (base 2) to base 11
-6
Convert -68 (base 13) to base 7.
-152
88 (base 9) to base 7
143
20 (base 3) to base 12
6
Convert 1111 (base 2) to base 6.
23
What is 6 (base 11) in base 3?
20
Convert -3 (base 16) to base 14.
-3
1 (base 4) to base 14
1
What is 0 (base 12) in base 16?
0
What is -10 (base 2) in base 3?
-2
Convert 32 (base 10) to base 14.
24
136 (base 8) to base 3
10111
Convert 46 (base 7) to base 4.
202
What is -3 (base 12) in base 2?
-11
4 (base 11) to base 13
4
What is -36 (base 14) in base 15?
-33
Convert 45 (base 10) to base 16.
2d
What is d (base 15) in base 13?
10
0 (base 14) to base 6
0
Convert 139 (base 11) to base 3.
20001
Convert 14 (base 15) to base 12.
17
-87 (base 12) to base 2
-1100111
1101 (base 2) to base 7
16
Convert -63 (base 7) to base 11.
-41
What is -36 (base 11) in base 10?
-39
What is -192 (base 10) in base 2?
-11000000
Convert -103 (base 4) to base 9.
-21
Convert 10100111 (base 2) to base 16.
a7
-2 (base 14) to base 9
-2
What is -2 (base 10) in base 13?
-2
Convert -75 (base 8) to base 12.
-51
Convert 0 (base 15) to base 9.
0
What is 2 (base 5) in base 6?
2
Convert -11 (base 4) to base 3.
-12
What is 3a (base 15) in base 13?
43
Convert -12 (base 12) to base 9.
-15
422 (base 6) to base 8
236
What is 140 (base 5) in base 6?
113
Convert 29 (base 15) to base 13.
30
What is -1 (base 11) in base 7?
-1
What is -3 (base 13) in base 5?
-3
What is -20 (base 3) in base 11?
-6
Convert -2 (base 3) to base 15.
-2
What is -72 (base 15) in base 7?
-212
Convert -10 (base 4) to base 6.
-4
What is -283 (base 13) in base 6?
-2021
154 (base 10) to base 2
10011010
Convert 1021 (base 4) to base 2.
1001001
What is -313 (base 5) in base 14?
-5d
b6 (base 14) to base 12
114
-11 (base 6) to base 15
-7
Convert 4 (base 11) to base 16.
4
What is -6 (base 12) in base 4?
-12
What is 22 (base 4) in base 10?
10
Convert -2 (base 8) to base 12.
-2
What is 2b (base 14) in base 8?
47
What is 2 (base 11) in base 13?
2
Convert 0 (base 15) to base 3.
0
-12 (base 5) to base 6
-11
Convert -1011100 (base 2) to base 14.
-68
What is -10000101 (base 2) in base 15?
-8d
Convert 0 (base 13) to base 3.
0
Convert -3 (base 6) to base 12.
-3
Convert 119 (base 12) to base 4.
2211
-d2 (base 15) to base 3
-21022
What is 3 (base 14) in base 16?
3
What is c (base 13) in base 10?
12
What is 11a (base 12) in base 7?
325
What is 29 (base 15) in base 4?
213
What is 8b (base 12) in base 4?
1223
Convert -4 (base 13) to base 2.
-100
What is -12 (base 7) in base 3?
-100
Convert 15 (base 11) to base 4.
100
-130 (base 4) to base 15
-1d
Convert -1102 (base 3) to base 2.
-100110
What is -103 (base 5) in base 10?
-28
Convert 2 (base 9) to base 4.
2
-1101 (base 2) to base 12
-11
-34 (base 5) to base 8
-23
-6 (base 15) to base 8
-6
15 (base 12) to base 13
14
What is 97 (base 13) in base 6?
324
Convert -101 (base 3) to base 15.
-a
Convert 10 (base 3) to base 6.
3
Convert -3 (base 15) to base 7.
-3
Convert -1110 (base 2) to base 8.
-16
What is -152 (base 10) in base 8?
-230
What is -25 (base 6) in base 4?
-101
Convert -2 (base 6) to base 14.
-2
-1 (base 2) to base 9
-1
Convert -83 (base 14) to base 13.
-8b
Convert -2 (base 12) to base 14.
-2
-2 (base 4) to base 11
-2
Convert -5 (base 15) to base 8.
-5
10 (base 9) to base 10
9
-2 (base 10) to base 5
-2
What is -48 (base 11) in base 9?
-57
Convert 53 (base 14) to base 12.
61
Convert -5b (base 13) to base 5.
-301
What is 14 (base 16) in base 14?
16
What is -122 (base 5) in base 4?
-211
-5 (base 12) to base 13
-5
-3 (base 4) to base 14
-3
10 (base 4) to base 6
4
201 (base 5) to base 13
3c
What is -4 (base 8) in base 3?
-11
What is 54 (base 13) in base 2?
1000101
Convert 6 (base 7) to base 11.
6
What is -3 (base 12) in base 14?
-3
What is 3 (base 6) in base 13?
3
-21 (base 13) to base 6
-43
-1 (base 13) to base 14
-1
-30 (base 4) to base 11
-11
Convert -7 (base 13) to base 9.
-7
What is -10 (base 7) in base 8?
-7
Convert 0 (base 4) to base 8.
0
-228 (base 12) to base 9
-385
-4 (base 12) to base 2
-100
-4 (base 8) to base 12
-4
Convert 28 (base 15) to base 4.
212
Convert 0 (base 9) to base 16.
0
Convert -20100 (base 3) to base 11.
-146
Convert -4c (base 16) to base 9.
-84
-101 (base 3) to base 15
-a
Convert -14 (base 15) to base 9.
-21
Convert -2b (base 15) to base 8.
-51
Convert 56 (base 13) to base 14.
51
What is 13 (base 4) in base 6?
11
111200 (base 3) to base 13
225
-11 (base 4) to base 15
-5
What is 1c (base 13) in base 6?
41
Convert 13 (base 10) to base 14.
d
What is -2 (base 13) in base 6?
-2
Convert -a5 (base 14) to base 13.
-b2
-45 (base 11) to base 5
-144
5a (base 11) to base 14
49
What is 20 (base 10) in base 6?
32
Convert -4 (b